-41 - -13 - -14).
-13
Calculate (9 - 0) + (-33 - (-18 + -6)).
0
Calculate 5 + (0 + -4 - 3 - 0).
-2
What is 19 + (-12 + 1 - 10)?
-2
Calculate (0 + 33 - 13) + 1 + -9.
12
What is the value of -2 + 8 + (8 - 9 - 8 - -5)?
2
Calculate 1 - (-6 - (7 + -2 + -9)) - -1.
4
What is the value of (10 - -14 - 34) + 10?
0
2 + 4 + (-17 - -1) + -51 + 66
5
What is the value of -189 + 194 - (-4 + -22)?
31
Evaluate 5 + 6 + 1 + 2 + -15.
-1
What is the value of (21 - -2 - 2) + (-95 - -9 - -94)?
29
Evaluate 0 + 15 + 6 + -18 + 13.
16
What is 1 + (-7 - -15 - (-3 - -10))?
2
Evaluate -6 - (1 - 17) - (5 + -8 - 1).
14
What is -9 - ((0 - -7) + 97 + -103)?
-10
What is -6 + -15 - (-41 - -15)?
5
Evaluate -38 - -35 - (2 + (-2 - 0)).
-3
Evaluate 12 + -14 + (-10 - -20).
8
What is -16 + (-1 + 5 - (-9 + 8))?
-11
What is the value of -34 + (-7 + -11 + 7 - (-18 - -3))?
-30
What is the value of (15 - (16 + -7 + 0)) + 16?
22
Calculate -7 + 6 + -2 - -5 - (37 - 19).
-16
Evaluate 24 - (6 + 4 + (5 + -5 - 4)).
18
What is the value of (21 - 6) + 7 + 4 + -5 + -5?
16
Evaluate -12 + -1 - (-44 + 12 + 34).
-15
(-18 - (1 + -11)) + (1 - (-4 - -3))
-6
(-23 - 0 - -15) + 37 + 1
30
What is 8 + -24 + 9 - -8?
1
What is the value of -7 + -2 + 0 - -11 - (-6 - 1)?
9
Evaluate 13 + (0 - 1 - (17 + (11 - 22))).
6
Calculate 3 + 13 - (38 - 25).
3
Calculate (5 + -3 - -3) + -3 - (5 - 9).
6
What is the value of (-7 + 3 - 3) + 2?
-5
Evaluate 53 + (24 + -17 - 35).
25
Evaluate 22 - (46 + -36 - -1).
11
Calculate -27 + (-10 + 18 - -21).
2
(-5 + 17 - -10) + -10 + -7
5
What is the value of 5 - (-2 + (-4 - 1) + -9 + 10)?
11
What is the value of -20 + (-3 - (-4 + -14))?
-5
What is 2 + (8 - 1) + -97 + 98?
10
Evaluate -2 + -12 + -13 + -4 + 17 + -6.
-20
35 + -24 + 11 + -5
17
What is the value of (-6 - -13) + -3 + 8?
12
What is the value of (-2 - -4 - -1) + -10 + (-13 - -11)?
-9
Evaluate (-11 - -21) + (-14 - -7) + 1 + -16.
-12
(-76 - -72) + -2 + 4
-2
What is -186 + 202 - (-1 + 7) - 24?
-14
What is -7 + 13 - 9 - (-7 + (-4 - -4))?
4
16 + 1 + -17 + (21 - 0) + -5
16
8 + (-21 - -26) - (-3 - (-4 + 2))
14
What is the value of (-94 - -50) + 54 + -23 + -1?
-14
Evaluate (1 - 1) + 14 + (36 - 55).
-5
What is the value of -14 + 8 + -5 + -7 + 1?
-17
What is (-105 - -101) + (-3 - (-2 - 0))?
-5
Evaluate 39 - 24 - (11 + -5 + 4) - 10.
-5
Evaluate -15 + 10 - -13 - -8 - -13.
29
0 + -23 + -10 + 23
-10
Evaluate 1 - 0 - (155 + -151).
-3
Evaluate -9 + (1 - (1 - (2 - 3))).
-10
Calculate 1 + ((4 - 3) + -1 - 3).
-2
Calculate -58 + (42 + 13 - 32).
-35
What is 1 + -10 + -957 + 964?
-2
34 - (28 + -8 - -11)
3
Calculate (4 - -3) + (-52 - -48).
3
-36 - (-52 - (-7 + 18))
27
Calculate (-24 - 23) + 16 - (-10 - 0).
-21
Evaluate -3 + -4 + 1 - (-1 + (-12 - -18)).
-11
Calculate 9 + 3 + (0 - (-8 - -18)).
2
Calculate (1 - -2 - -3) + (-11 - 0).
-5
What is -1 + 4 + -10 - (-17 + -5)?
15
Evaluate -127 + 163 + -5 + 1.
32
What is -1 + 2 - (20 - 12 - 8)?
1
What is -10 + 8 + (-2 - 4) + 1?
-7
-14 - (5 + (0 - 12))
-7
-6 + 1 + (2 + 0 - -4) + -14
-13
What is the value of -31 + (6 - 23) + 5 - -14?
-29
-10 + (-6 - -2 - -17)
3
Calculate 18 + (-26 - 5 - -3).
-10
What is the value of 4 + 1 - (17 - (1 - -20))?
9
What is -3 + 1 + (-39 - -60)?
19
What is the value of (7 - (1 + -2)) + 1412 + -1412?
8
What is the value of -7 + 1 - (-34 + 19)?
9
What is 101 + -99 + 0 + -10 + 5?
-3
Evaluate 97 - 110 - (-1 + -12).
0
Evaluate (1 + -7 - 1) + (-22 - -25) + -14.
-18
Calculate -3 + -24 + -7 + (-5 - (-10 + 4)).
-33
What is -10 + 2 + 3 + -62 + 50?
-17
What is the value of 7 + -16 + -11 + 5 + -7?
-22
What is 1 + 2 + 0 + 6 + -27?
-18
Calculate (-2 + 8 + 5 - -5) + -6.
10
What is -87 - -65 - (-1 - 35)?
14
Calculate (-5 - -10) + -1 + (0 - 7 - -12).
9
Calculate -27 + 14 + -9 - -8.
-14
8 + 0 + (313 - 324) - 4
-7
Evaluate -14 - (26 - 39 - 30).
29
-5 - (-4 + 11 - (0 + (-12 - -7)))
-17
Calculate 29 - (-26 - -38) - 26.
-9
Calculate (0 - 20) + -2 + (5 + 4 - 0).
-13
What is (-2 - -8 - -6) + 13 + -8 + 3?
20
What is the value of 20 - (47 + -19 - 5)?
-3
Calculate -10 + (1 - -2) - (8 + -13).
-2
What is the value of 0 - (0 - -2) - (10 - (3 + 1))?
-8
Calculate (-22 - -45) + -55 - -13.
-19
Evaluate -3 - (11 - 18 - 2).
6
What is the value of (-43 - (-32 - 48)) + -29?
8
Calculate -5 + (-11 - -16) + 2 - -33.
35
Calculate -9 - (0 + -7 + 10 + -15).
3
0 + 6 + (-17 - (-25 + 14))
0
What is the value of -11 + -1 + (-15 - -10 - 1)?
-18
Calculate (-9 - (3 + 0 + -15)) + 5.
8
What is -19 - (-27 - (-9 - -4))?
3
What is 27 - (49 - (14 + 20))?
12
Calculate -1 - -5 - (-4 + -1 - (-2 + -6)).
1
Calculate 17 + 32 + -10 + -3 + 1.
37
(4 - ((1 - (-3 + 1)) + 2)) + -1
-2
What is (0 - 0) + -7 + (-10 - -5)?
-12
4 - ((-6 - -4) + 2) - -5
9
What is -6 - ((3 - 0) + (5 - (5 - -7)))?
-2
What is (-14 - 0) + (-5 + (10 - 11) - -12)?
-8
Calculate -1 - -3 - (23 + -45 + 32).
-8
Evaluate 0 - (-24 - -14) - 10.
0
What is the value of 0 - 5 - (2 + -15 + -2)?
10
What is -3 + -16 + 12 - (-6 + -1)?
0
What is the value of 19 - (-13 + (-3 - -10) - (-10 - -2))?
17
-4 - (8 + -24) - (-3 + 6)
9
What is 2 - (-2 - -5 - 7) - 7 - 6?
-7
Calculate -22 - (-10 - -1 - 6).
-7
Calculate -10 - ((6 - (-7 - -13) - 5) + 2).
-7
9 + -3 - -4 - 8
2
What is 24 + (-61 + 68 - (0 + 4 - -1))?
26
What is (25 - 32) + -22 - -14?
-15
Evaluate (-9 - -7) + 13 + -9 + 15.
17
What is (11 - (-2 + 5)) + (-4 - 1 - 1)?
2
-4 - (10 + (5 - ((7 - 3) + 15)))
0
What is the value of -9 + 2 + 2 + 2?
-3
What is -38 - (15 - 38) - (4 - 1)?
-18
13 + (-8 - -4) + -6 - 8
-5
What is -8 + 1 - (938 - 971)?
26
What is (-19 - -12) + -11 - (1 + 8 - -1)?
-28
(-3 - (7 - (13 + -6))) + -6
-9
What is the value of (-1 - 12 - (28 + -31)) + -1?
-11
Evaluate 1 + (0 - (0 + -2) - (25 + -22)).
0
(-5 - 6 - -18) + -2 + -7 + 4
2
What is the value of -18 + 8 + -22 + 1 + 11?
-20
18 + (-6 - 4) + 36 + -40
4
Evaluate 8 + (9 - (-7 + 18)).
6
What is 13 - (2 + 1) - 17?
-7
What is the value of 1 + (0 + -13 - -6 - -8) - 8?
-6
Evaluate -7 - (-2 - -6) - 7 - -6.
-12
What is (3 - 9 - -13) + 5 + (0 - -5)?
17
-25 + (22 - (6 + -5 + 10))
-14
-19 - (13 + -1 + -24 + 17)
-24
What is the value of -46 - (6 - (-17 + 30))?
-39
Calculate 5 + (61 + -42 - (-2 - -12)).
14
What is 5 - (2 - (-6 + 2) - -4) - -10?
5
Evaluate -47 + (44 - -4) - (1 - (9 - 0)).
9
Evaluate -1 - (-15 - (-1 + -24)).
-11
Calculate 26 - ((35 - -9) + 0).
-18
What is -3 + -10 + (-12 - -15) - -5?
-5
Evaluate (1 - (-12 - -9)) + 13 + (-7 - -2).
12
Calculate -18 - (7 - -3) - (0 + (5 - 12)).
-21
-1 + -11 + 0 - (7 + -15 + 2)
-6
12 + (6 - (18 + 10))
-10
-16 - (-2 + -13 + 16)
-17
Evaluate (47 - 46) + 4 + -4 + -4 - 0.
-3
Calculate -8 - (7 - (-3 + -2 - 0) - 6).
-14
What is -15 - (2 + -25 + (15 - 0))?
-7
Evaluate 14 + -27 + -16 + 23.
-6
Calculate (-35 - -37 - (9 + -2)) + -2.
-7
-4 - (-7 - (0 - 10))
-7
7 + -2 + (0 - (0 - (11 - 3)))
13
8 + (24 - 10) + -21
1
Evaluate 24 - (-1 + 8 - (17 + -15)).
19
Calculate (0 - -14) + -30 - -11.
-5
What is the value of 10 + (-1 - 13) + 14 + 1?
11
-4 + (-4 - 1) + -10 + 2
-17
What is (-5 - 11 - 14) + 17?
-13
What is the value of -29 - 0 - (330 + -349)?
-10
What is (1 - 2) + (1 - 7 - 0) + 23?
16
Evaluate (38 - 38) + 16 + -3 + 4.
17
Calculate -2 + (0 - (2 - 2)) + 11.
9
-39 + 63 + 4 + -39
-11
What is -2 + (17 - 37) - -13?
-9
Calculate -14 + (0 - (6 - (2 + -1) - 4)).
-15
-63 + 61 + (6 - (-4 + 19 + -2))
-9
Calculate (8 - 1) + (6 + -1 + 6 - 8).
10
Calculate 6 + (-25 + 35 - (0 + 5)) + 26.
37
Evaluate -29 + 27 + 5 + -2.
1
(-8 - 4) + -4 - -5 - 5
-16
Evaluate -3 + -8 + 9 - 2 - -4.
0
Calculate -10 + 30 + (-3 - 23).
-6
What is 1 + 10 - 10 - -8?
9
What is 5 + 14 + (-46 - -12)?
-15
What is the value of (22 - 21) + 9 + -13?
-3
What is the value of (-10 - (1 - 3)) + 2 + -2 - 26?
-34
Evaluate 1 + -1 - (26 + -37 - (-3 - 0)).
8
-4 - (-2 - 0) - (304 + -296)
-10
What is -6 - (-17 + (-12 - -27)) - (1 - -23)?
-28
-6 + 11 - ((-15 - 0) + 4)
16
Evaluate 93 - 127 - (-1 + -23).
-10
What is the value of (35 + -22 - 17) + -1?
-5
8 + (13 - 9) + -38
-26
10 + 1 - (44 - 35)
2
What is (13 - 10 - -2) + -12?
-7
Evaluate -37 - (-26 + (-25 - -30)).
-16
What is 2 - (1 + 17) - (-415 + 408)?
-9
5 + -2 + -4 + -9 - -26
16
What is the value of -8 + ((23 - -11) + -5 - 6) + -10?
5
Calculate -26 + 28 + (-24 - -7).
-15
What is 38 + (-34 - -38 - (-2 + 11 - 1))?
34
What is 23 - ((-23 - -23) + 30)?
-7
What is 12 + -2 + (2 - 31)?
-19
